{"id":2,"date":"2020-12-02T14:20:04","date_gmt":"2020-12-02T14:20:04","guid":{"rendered":"http:\/\/www.e124095.easyhosting.at\/?page_id=2"},"modified":"2022-04-19T06:31:48","modified_gmt":"2022-04-19T06:31:48","slug":"sample-page","status":"publish","type":"page","link":"https:\/\/www.zieserl.com\/","title":{"rendered":"was ich biete:"},"content":{"rendered":"<p><img loading=\"lazy\" class=\"alignleft size-full wp-image-89\" src=\"https:\/\/www.zieserl.com\/wp-content\/uploads\/2020\/12\/elisabethbalkon.jpg\" alt=\"\" width=\"410\" height=\"480\" srcset=\"https:\/\/www.zieserl.com\/wp-content\/uploads\/2020\/12\/elisabethbalkon.jpg 410w, https:\/\/www.zieserl.com\/wp-content\/uploads\/2020\/12\/elisabethbalkon-256x300.jpg 256w\" sizes=\"(max-width: 410px) 100vw, 410px\" \/><\/p>\n<p>Handverlesene, selbst geerntete Rohstoffe<br \/>\n+ nach urspr\u00fcnglichen Rezepten verarbeitet<br \/>\n+ ohne Konservierungsmittel oder F\u00fcllstoffe<br \/>\n+ frei von Sch\u00e4dlingsbek\u00e4mpfungsmitteln<br \/>\n&#8212;&#8212;&#8212;&#8212;&#8212;&#8212;&#8212;&#8212;&#8212;&#8212;&#8212;&#8212;&#8212;&#8212;&#8212;&#8212;&#8212;&#8212;&#8212;&#8211;<br \/>\n= <strong>100 % NAT\u00dcRLICHE WIRKUNG<\/strong><\/p>\n<p><b>Bitte um Verst\u00e4ndnis:<\/b> &#8230; manche Produkte sind sehr schnell ausverkauft, die Menge der Erzeugnisse ist immer abh\u00e4ngig vom Erntertrag<\/p>\n<ul>\n<li style=\"text-align: right;\"><a href=\"https:\/\/www.zieserl.com\/wp-content\/uploads\/2022\/04\/Preisliste_2022.pdf\" target=\"_blank\" rel=\"noopener\"> Preisliste zum download<\/a><\/li>\n<li style=\"text-align: right;\"><a href=\"https:\/\/www.zieserl.com\/wp-content\/uploads\/2022\/04\/kraeuterfibel.pdf\" target=\"_blank\" rel=\"noopener\">Kr\u00e4uterfibel zum download<\/a><\/li>\n<\/ul>\n","protected":false},"excerpt":{"rendered":"<p>Handverlesene, selbst geerntete Rohstoffe + nach urspr\u00fcnglichen Rezepten verarbeitet + ohne Konservierungsmittel oder F\u00fcllstoffe + frei von Sch\u00e4dlingsbek\u00e4mpfungsmitteln &#8212;&#8212;&#8212;&#8212;&#8212;&#8212;&#8212;&#8212;&#8212;&#8212;&#8212;&#8212;&#8212;&#8212;&#8212;&#8212;&#8212;&#8212;&#8212;&#8211; = 100 % NAT\u00dcRLICHE WIRKUNG Bitte um Verst\u00e4ndnis: &#8230; manche Produkte sind sehr schnell ausverkauft, die Menge der Erzeugnisse ist immer abh\u00e4ngig vom Erntertrag Preisliste zum download Kr\u00e4uterfibel zum download<\/p>\n","protected":false},"author":1,"featured_media":0,"parent":0,"menu_order":0,"comment_status":"closed","ping_status":"open","template":"templates\/template-full-width.php","meta":[],"_links":{"self":[{"href":"https:\/\/www.zieserl.com\/index.php?rest_route=\/wp\/v2\/pages\/2"}],"collection":[{"href":"https:\/\/www.zieserl.com\/index.php?rest_route=\/wp\/v2\/pages"}],"about":[{"href":"https:\/\/www.zieserl.com\/index.php?rest_route=\/wp\/v2\/types\/page"}],"author":[{"embeddable":true,"href":"https:\/\/www.zieserl.com\/index.php?rest_route=\/wp\/v2\/users\/1"}],"replies":[{"embeddable":true,"href":"https:\/\/www.zieserl.com\/index.php?rest_route=%2Fwp%2Fv2%2Fcomments&post=2"}],"version-history":[{"count":29,"href":"https:\/\/www.zieserl.com\/index.php?rest_route=\/wp\/v2\/pages\/2\/revisions"}],"predecessor-version":[{"id":348,"href":"https:\/\/www.zieserl.com\/index.php?rest_route=\/wp\/v2\/pages\/2\/revisions\/348"}],"wp:attachment":[{"href":"https:\/\/www.zieserl.com\/index.php?rest_route=%2Fwp%2Fv2%2Fmedia&parent=2"}],"curies":[{"name":"wp","href":"https:\/\/api.w.org\/{rel}","templated":true}]}}